{"id":24,"date":"2024-08-12T21:33:09","date_gmt":"2024-08-12T19:33:09","guid":{"rendered":"http:\/\/azamicale09.fr\/?page_id=24"},"modified":"2026-03-19T17:35:11","modified_gmt":"2026-03-19T16:35:11","slug":"photos-des-sorties","status":"publish","type":"page","link":"https:\/\/azamicale09.fr\/index.php\/photos-des-sorties\/","title":{"rendered":"Photos des sorties"},"content":{"rendered":"\n<p><strong>Bonjour \u00e0 toutes et tous<\/strong>,<\/p>\n\n\n\n<p>Vous trouverez dans cette page, les photos class\u00e9es par ann\u00e9es entre 2017 et 2023 inclus. A partir de 2024, vous les trouverez par sorties. D\u00e9sol\u00e9 pour ce d\u00e9sagr\u00e9ment, mais notre site pr\u00e9c\u00e9dent ne fonctionne plus.<\/p>\n\n\n\n<p><strong>Avril 2026: Sortie Youngtimers:<\/strong> A venir<\/p>\n\n\n\n<p><strong>Mars 2026: Sortie Utilitaires<\/strong> <a href=\"https:\/\/photos.app.goo.gl\/gweb9TfZmJT1FHsd9\">https:\/\/photos.app.goo.gl\/gweb9TfZmJT1FHsd9<\/a><\/p>\n\n\n\n<p><strong>F\u00e9vrier 2026: Sortie d\u00e9poussi\u00e9rage<\/strong> <a href=\"https:\/\/photos.app.goo.gl\/HcaxbRbW3Er9Ubf26\">https:\/\/photos.app.goo.gl\/HcaxbRbW3Er9Ubf26<\/a><\/p>\n\n\n\n<p><strong>Janvier 2026: AG<\/strong> <a href=\"https:\/\/photos.app.goo.gl\/4D1WARsbGskBUYMw6\">https:\/\/photos.app.goo.gl\/4D1WARsbGskBUYMw6<\/a><\/p>\n\n\n\n<p><strong>Janvier 2026: Journ\u00e9e galettes des rois<\/strong> <a href=\"https:\/\/photos.app.goo.gl\/zuCNF21jGQys2BTQ7\">https:\/\/photos.app.goo.gl\/zuCNF21jGQys2BTQ7<\/a><\/p>\n\n\n\n<hr class=\"wp-block-separator has-alpha-channel-opacity\"\/>\n\n\n\n<p><strong>D\u00e9cembre 2025: Sortie Mairie Pamiers march\u00e9 de No\u00ebl<\/strong> <a href=\"https:\/\/photos.app.goo.gl\/xB7uSMNM1ybq2t9g6\">https:\/\/photos.app.goo.gl\/xB7uSMNM1ybq2t9g6<\/a><\/p>\n\n\n\n<p><strong>D\u00e9cembre 2025: Sortie Hivernale<\/strong> <a href=\"https:\/\/photos.app.goo.gl\/oLhCnkPXGPDjBUt58\">https:\/\/photos.app.goo.gl\/oLhCnkPXGPDjBUt58<\/a><\/p>\n\n\n\n<p><strong>D\u00e9cembre 2025: Sunday Coffee<\/strong> <a href=\"https:\/\/photos.app.goo.gl\/EUurdnvX6RG93Whq7\">https:\/\/photos.app.goo.gl\/EUurdnvX6RG93Whq7<\/a><\/p>\n\n\n\n<p><strong>Novembre 2025: Sortie Automne<\/strong> <a href=\"https:\/\/photos.app.goo.gl\/6VDhyaAFB9QVxogR8\">https:\/\/photos.app.goo.gl\/6VDhyaAFB9QVxogR8<\/a><\/p>\n\n\n\n<p><strong>Novembre 2025: Soir\u00e9e Beaujolais<\/strong> <a href=\"https:\/\/photos.app.goo.gl\/16GoDzTGCLWmZNZM8\">https:\/\/photos.app.goo.gl\/16GoDzTGCLWmZNZM8<\/a><\/p>\n\n\n\n<p><strong>Octobre 2025: Exposition \u00e0 Qui\u00e9<\/strong> <a href=\"https:\/\/photos.app.goo.gl\/9eyrfF22zmFaDb3G9\">https:\/\/photos.app.goo.gl\/9eyrfF22zmFaDb3G9<\/a><\/p>\n\n\n\n<p><strong>Octobre 2025: F\u00eate de la pomme<\/strong> <a href=\"https:\/\/photos.app.goo.gl\/ftH2jkBwQ5jE5vGk7\">https:\/\/photos.app.goo.gl\/ftH2jkBwQ5jE5vGk7<\/a><\/p>\n\n\n\n<p><strong>Octobre 2025: Nogaro Classic Festival<\/strong> <a href=\"https:\/\/photos.app.goo.gl\/SsVcDm3HY88LWaxaA\">https:\/\/photos.app.goo.gl\/SsVcDm3HY88LWaxaA<\/a><\/p>\n\n\n\n<p><strong>Septembre 2025: Sortie 3J<\/strong>  <a href=\"https:\/\/photos.app.goo.gl\/hJhND5nd4xvkjzux6\">https:\/\/photos.app.goo.gl\/hJhND5nd4xvkjzux6<\/a><\/p>\n\n\n\n<p><strong>Septembre 2025: Sortie Patrimoine<\/strong> <a href=\"https:\/\/photos.app.goo.gl\/oW3y1tsRSF2H4yxv5\">https:\/\/photos.app.goo.gl\/oW3y1tsRSF2H4yxv5<\/a><\/p>\n\n\n\n<p><strong>Ao\u00fbt 2025: Sortie Seventies<\/strong> <a href=\"https:\/\/photos.app.goo.gl\/BSj3xrTSEnFtHRDt7\">https:\/\/photos.app.goo.gl\/BSj3xrTSEnFtHRDt7<\/a><\/p>\n\n\n\n<p><strong>Ao\u00fbt 2025: F\u00eate du battage \u00e0 Montgailhard<\/strong> <a href=\"https:\/\/photos.app.goo.gl\/XSrytpKY2L2r1GZW6\">https:\/\/photos.app.goo.gl\/XSrytpKY2L2r1GZW6<\/a><\/p>\n\n\n\n<p><strong>Juillet 2025: Rassemblement ch\u00e2teau de Lagarde<\/strong> <a href=\"https:\/\/photos.app.goo.gl\/FrDZUBg2WGxU1unP7\">https:\/\/photos.app.goo.gl\/FrDZUBg2WGxU1unP7<\/a><\/p>\n\n\n\n<p><strong>Juillet 2025: 1er Bouchon de Pamiers<\/strong> <a href=\"https:\/\/photos.app.goo.gl\/gkvAHQTgaWMHJgN89\">https:\/\/photos.app.goo.gl\/gkvAHQTgaWMHJgN89<\/a><\/p>\n\n\n\n<p><strong>Juin 2025: Sortie Petarels <\/strong><a href=\"https:\/\/photos.app.goo.gl\/eU6n7EzrcLnzQQC27\">https:\/\/photos.app.goo.gl\/eU6n7EzrcLnzQQC27<\/a><\/p>\n\n\n\n<p><strong>Juin 2025: Sortie Printemps<\/strong> <a href=\"https:\/\/photos.app.goo.gl\/x4fhGfgWg7LvF94g6\">https:\/\/photos.app.goo.gl\/x4fhGfgWg7LvF94g6<\/a><\/p>\n\n\n\n<p><strong>Mai 2025: Repas du club<\/strong> <a href=\"https:\/\/photos.app.goo.gl\/VqLK9dsTYiYbsJtq6\">https:\/\/photos.app.goo.gl\/VqLK9dsTYiYbsJtq6<\/a><\/p>\n\n\n\n<p><strong>Mai 2025: Ronde de l&rsquo;Izard<\/strong> <a href=\"https:\/\/photos.app.goo.gl\/oFeNyhzDVVDW2g4GA\">https:\/\/photos.app.goo.gl\/oFeNyhzDVVDW2g4GA<\/a><\/p>\n\n\n\n<p><strong>Mai 2025: Troc&rsquo;Aza<\/strong> <a href=\"https:\/\/photos.app.goo.gl\/nKmBao7j7mzZe61V6\">https:\/\/photos.app.goo.gl\/nKmBao7j7mzZe61V6<\/a><\/p>\n\n\n\n<p><strong>Avril 2025: Sortie FFVE<\/strong> <a href=\"https:\/\/photos.app.goo.gl\/RPtQiuLkQfDndhQu8\">https:\/\/photos.app.goo.gl\/RPtQiuLkQfDndhQu8<\/a><\/p>\n\n\n\n<p><strong>Avril 2025: D-Day \u00e0 St-Gaudens<\/strong> <a href=\"https:\/\/photos.app.goo.gl\/2kM9SbtRjSjNyoa7A\">https:\/\/photos.app.goo.gl\/2kM9SbtRjSjNyoa7A<\/a><\/p>\n\n\n\n<p><strong>Avril 2025: Sortie D\u00e9gommage<\/strong> (Pas de photos)<\/p>\n\n\n\n<p><strong>Mars 2025: N\u00e9ttoyage garage<\/strong> <a href=\"https:\/\/photos.app.goo.gl\/G5bKie3xWcgEmN4M6\">https:\/\/photos.app.goo.gl\/G5bKie3xWcgEmN4M6<\/a><\/p>\n\n\n\n<p><strong>Mars 2025: Sortie Youngtimers<\/strong> <a href=\"https:\/\/photos.app.goo.gl\/jHsLRQX3m2NUfsLQ9\">https:\/\/photos.app.goo.gl\/jHsLRQX3m2NUfsLQ9<\/a><\/p>\n\n\n\n<p><strong>Mars 2025: Expo lyc\u00e9e Professionnel Iren\u00e9e Cros<\/strong> <a href=\"https:\/\/photos.app.goo.gl\/z6kvpsWu5ykGWea26\">https:\/\/photos.app.goo.gl\/z6kvpsWu5ykGWea26<\/a><\/p>\n\n\n\n<p><strong>F\u00e9vrier 2025: Sortie D\u00e9poussi\u00e9rage<\/strong> <a href=\"https:\/\/photos.app.goo.gl\/u7e5hEyN1KomCxQ27\">https:\/\/photos.app.goo.gl\/u7e5hEyN1KomCxQ27<\/a><\/p>\n\n\n\n<p><strong>Janvier 2025: AG<\/strong> <a href=\"https:\/\/photos.app.goo.gl\/hKJRLZVxraHQvcF58\">https:\/\/photos.app.goo.gl\/hKJRLZVxraHQvcF58<\/a><\/p>\n\n\n\n<p><strong>Janvier 2025: Sortie Galettes des Rois\/Reines<\/strong> <a href=\"https:\/\/photos.app.goo.gl\/PK62Nf8pUdQVNhBi6\">https:\/\/photos.app.goo.gl\/PK62Nf8pUdQVNhBi6<\/a><\/p>\n\n\n\n<p>&#8212;&#8212;&#8212;&#8212;&#8212;&#8212;&#8212;&#8212;&#8212;&#8212;&#8212;&#8212;&#8212;&#8212;&#8212;&#8212;&#8212;&#8212;&#8212;&#8211;<\/p>\n\n\n\n<p><strong>D\u00e9cembre 2024: Pr\u00e9sentation v\u00e9hicules aux habitants de Pamiers avec la Mairie <\/strong><a href=\"https:\/\/photos.app.goo.gl\/L5L37CuxjtGSXKRR7\">https:\/\/photos.app.goo.gl\/L5L37CuxjtGSXKRR7<\/a><\/p>\n\n\n\n<p><strong>D\u00e9cembre 2024: Sortie Hivernale<\/strong> <a href=\"https:\/\/photos.app.goo.gl\/77vaZbQ5EzX3Mgso6\">https:\/\/photos.app.goo.gl\/77vaZbQ5EzX3Mgso6<\/a><\/p>\n\n\n\n<p><strong>Novembre 2024: Soir\u00e9e Beaujolais<\/strong> <a href=\"https:\/\/photos.app.goo.gl\/AGBvUeg6vRX2f7ui6\">https:\/\/photos.app.goo.gl\/AGBvUeg6vRX2f7ui6<\/a><\/p>\n\n\n\n<p><strong>Novembre 2024: Sortie Automne<\/strong> <a href=\"https:\/\/photos.app.goo.gl\/PfC2jRcDnS5ezqxK9\">https:\/\/photos.app.goo.gl\/PfC2jRcDnS5ezqxK9<\/a><\/p>\n\n\n\n<p><strong>Octobre<\/strong> <strong>2024: Sortie Inter-Clubs<\/strong> <a href=\"https:\/\/photos.app.goo.gl\/KfTx93JCTiHp11Kw8\">https:\/\/photos.app.goo.gl\/KfTx93JCTiHp11Kw8<\/a><\/p>\n\n\n\n<p><strong>Octobre<\/strong> <strong>2024: Sortie Nogaro<\/strong> <a href=\"https:\/\/photos.app.goo.gl\/gcJ85TR5FRf2qLmPA\">https:\/\/photos.app.goo.gl\/qy1VXGWPJCNCR6c38<\/a><\/p>\n\n\n\n<p><strong>Septembre<\/strong> <strong>2024: Sortie 3 Jours<\/strong> <a href=\"https:\/\/photos.app.goo.gl\/ebX16PuQma66fW2b7\">https:\/\/photos.app.goo.gl\/ebX16PuQma66fW2b7<\/a><\/p>\n\n\n\n<p><strong>Septembre<\/strong> <strong>2024: Sortie patrimoine<\/strong> <a href=\"https:\/\/photos.app.goo.gl\/X7amNpbsZixVXJXs6\">https:\/\/photos.app.goo.gl\/X7amNpbsZixVXJXs6<\/a><\/p>\n\n\n\n<p><strong>Septembre<\/strong> <strong>2024: Sortie Motos<\/strong> (Sortie Annul\u00e9e)<\/p>\n\n\n\n<p><strong>Ao\u00fbt 2024: Sortie Azari\u00e9geoise<\/strong> <a href=\"https:\/\/photos.app.goo.gl\/TaaQSX7owDTdgnCQ8\">https:\/\/photos.app.goo.gl\/TaaQSX7owDTdgnCQ8<\/a><\/p>\n\n\n\n<p><strong>Ao\u00fbt<\/strong> <strong>2024: Sortie Seventies<\/strong> <a href=\"https:\/\/photos.app.goo.gl\/AJrak7oCeKMjX7uD7\">https:\/\/photos.app.goo.gl\/AJrak7oCeKMjX7uD7<\/a><\/p>\n\n\n\n<p><strong>Juillet 2024: Sortie Ch\u00e2teau de Lagarde <\/strong><a href=\"https:\/\/photos.app.goo.gl\/oHMwnmpFYqEmwUze9\">https:\/\/photos.app.goo.gl\/oHMwnmpFYqEmwUze9<\/a><\/p>\n\n\n\n<p><strong>Juin<\/strong> <strong>2024: 15\u00e8me Sortie P\u00e9tarels<\/strong> <a href=\"https:\/\/photos.app.goo.gl\/VspmdcrXpTPJ6Rq88\">https:\/\/photos.app.goo.gl\/VspmdcrXpTPJ6Rq88<\/a><\/p>\n\n\n\n<p><strong>Juin<\/strong> <strong>2024: Repas du Club<\/strong> (Pas de photo)<\/p>\n\n\n\n<p><strong>Juin<\/strong> <strong>2024: Sortie Printemps<\/strong> <a href=\"https:\/\/photos.app.goo.gl\/1AYpgrKSHBNPEzMDA\">https:\/\/photos.app.goo.gl\/1AYpgrKSHBNPEzMDA<\/a><\/p>\n\n\n\n<p><strong>Mai 2024: 29\u00e8me Bourse d&rsquo;\u00e9changes<\/strong> <strong>(troc&rsquo;AZA)<\/strong> <a href=\"https:\/\/photos.app.goo.gl\/NhWXTcEDNCfgnYrv8\">https:\/\/photos.app.goo.gl\/NhWXTcEDNCfgnYrv8<\/a><\/p>\n\n\n\n<p><strong>Mai<\/strong> <strong>2024: Sortie Ronde de l&rsquo;Izard<\/strong> <a href=\"https:\/\/photos.app.goo.gl\/1jqQXVg76ykQGAnFA\">https:\/\/photos.app.goo.gl\/1jqQXVg76ykQGAnFA<\/a><\/p>\n\n\n\n<p><strong>Avril<\/strong> <strong>2024: Sortie d\u00e9gommage, Journ\u00e9e FFVE<\/strong> <a href=\"https:\/\/photos.app.goo.gl\/z74oA7tJBrP91BB17\">https:\/\/photos.app.goo.gl\/z74oA7tJBrP91BB17<\/a><\/p>\n\n\n\n<p><strong>Avril 2024: Sortie Tour Autos<\/strong> <a href=\"https:\/\/photos.app.goo.gl\/SMyojeTvJAEFhm2PA\">https:\/\/photos.app.goo.gl\/SMyojeTvJAEFhm2PA<\/a><\/p>\n\n\n\n<p><strong>Avril 2024: Sortie Giboul\u00e9es<\/strong> <a href=\"https:\/\/photos.app.goo.gl\/npZcx738aff1jWmC8\">https:\/\/photos.app.goo.gl\/npZcx738aff1jWmC8<\/a><\/p>\n\n\n\n<p><strong>Mars 2024: Sortie d\u00e9poussi\u00e9rage<\/strong> <a href=\"https:\/\/photos.app.goo.gl\/FQ56ffo1foUzAm41A\">https:\/\/photos.app.goo.gl\/FQ56ffo1foUzAm41A<\/a><\/p>\n\n\n\n<p><strong>Mars 2024: R\u00e9novation Local place Milliane<\/strong> <a href=\"https:\/\/photos.app.goo.gl\/VsZFNFbF9629tDGo8\">https:\/\/photos.app.goo.gl\/VsZFNFbF9629tDGo8<\/a><\/p>\n\n\n\n<p><strong>F\u00e9vrier 2024: AG<\/strong> <a href=\"https:\/\/photos.app.goo.gl\/gkfWgxhkfjYnvhos6\">https:\/\/photos.app.goo.gl\/gkfWgxhkfjYnvhos6<\/a><\/p>\n\n\n\n<p><strong>Janvier 2024: Sortie Galette<\/strong> <a href=\"https:\/\/photos.app.goo.gl\/AhtiZv89uLyNkqbeA\">https:\/\/photos.app.goo.gl\/AhtiZv89uLyNkqbeA<\/a><\/p>\n\n\n\n<div class=\"wp-block-media-text is-stacked-on-mobile\" style=\"grid-template-columns:30% auto\"><figure class=\"wp-block-media-text__media\"><img loading=\"lazy\" decoding=\"async\" width=\"1920\" height=\"2560\" src=\"http:\/\/azamicale09.fr\/wp-content\/uploads\/2024\/08\/IMG_4742-1-scaled.jpg\" alt=\"\" class=\"wp-image-540 size-full\" srcset=\"https:\/\/azamicale09.fr\/wp-content\/uploads\/2024\/08\/IMG_4742-1-scaled.jpg 1920w, https:\/\/azamicale09.fr\/wp-content\/uploads\/2024\/08\/IMG_4742-1-225x300.jpg 225w\" sizes=\"auto, (max-width: 1920px) 100vw, 1920px\" \/><\/figure><div class=\"wp-block-media-text__content\">\n<p><strong>2023<\/strong><\/p>\n\n\n\n<p><a href=\"https:\/\/photos.app.goo.gl\/fVugqzpSTzFmspzg8\">https:\/\/photos.app.goo.gl\/fVugqzpSTzFmspzg8<\/a><\/p>\n<\/div><\/div>\n\n\n\n<div class=\"wp-block-media-text is-stacked-on-mobile\" style=\"grid-template-columns:30% auto\"><figure class=\"wp-block-media-text__media\"><img loading=\"lazy\" decoding=\"async\" width=\"1024\" height=\"683\" src=\"http:\/\/azamicale09.fr\/wp-content\/uploads\/2024\/08\/IMG_4994-1.jpg\" alt=\"\" class=\"wp-image-613 size-full\" srcset=\"https:\/\/azamicale09.fr\/wp-content\/uploads\/2024\/08\/IMG_4994-1.jpg 1024w, https:\/\/azamicale09.fr\/wp-content\/uploads\/2024\/08\/IMG_4994-1-300x200.jpg 300w, https:\/\/azamicale09.fr\/wp-content\/uploads\/2024\/08\/IMG_4994-1-768x512.jpg 768w, https:\/\/azamicale09.fr\/wp-content\/uploads\/2024\/08\/IMG_4994-1-450x300.jpg 450w\" sizes=\"auto, (max-width: 1024px) 100vw, 1024px\" \/><\/figure><div class=\"wp-block-media-text__content\">\n<p><strong>2022<\/strong><\/p>\n\n\n\n<p><a href=\"https:\/\/photos.app.goo.gl\/t5LcaMfBSQTJyL6c9\">https:\/\/photos.app.goo.gl\/t5LcaMfBSQTJyL6c9<\/a><\/p>\n<\/div><\/div>\n\n\n\n<div class=\"wp-block-media-text is-stacked-on-mobile\" style=\"grid-template-columns:30% auto\"><figure class=\"wp-block-media-text__media\"><img loading=\"lazy\" decoding=\"async\" width=\"1920\" height=\"2560\" src=\"https:\/\/azamicale09.fr\/wp-content\/uploads\/2024\/08\/IMG_4756-1-scaled.jpg\" alt=\"\" class=\"wp-image-534 size-full\" srcset=\"https:\/\/azamicale09.fr\/wp-content\/uploads\/2024\/08\/IMG_4756-1-scaled.jpg 1920w, https:\/\/azamicale09.fr\/wp-content\/uploads\/2024\/08\/IMG_4756-1-225x300.jpg 225w, https:\/\/azamicale09.fr\/wp-content\/uploads\/2024\/08\/IMG_4756-1-768x1024.jpg 768w\" sizes=\"auto, (max-width: 1920px) 100vw, 1920px\" \/><\/figure><div class=\"wp-block-media-text__content\">\n<p><strong>2021<\/strong><\/p>\n\n\n\n<p><a href=\"https:\/\/photos.app.goo.gl\/Uo9NXRneRFN1eCx5A\">https:\/\/photos.app.goo.gl\/Uo9NXRneRFN1eCx5A<\/a><\/p>\n<\/div><\/div>\n\n\n\n<div class=\"wp-block-media-text is-stacked-on-mobile\" style=\"grid-template-columns:30% auto\"><figure class=\"wp-block-media-text__media\"><img loading=\"lazy\" decoding=\"async\" width=\"1024\" height=\"683\" src=\"http:\/\/azamicale09.fr\/wp-content\/uploads\/2024\/08\/IMG_4979-1.jpg\" alt=\"\" class=\"wp-image-600 size-full\" srcset=\"https:\/\/azamicale09.fr\/wp-content\/uploads\/2024\/08\/IMG_4979-1.jpg 1024w, https:\/\/azamicale09.fr\/wp-content\/uploads\/2024\/08\/IMG_4979-1-300x200.jpg 300w, https:\/\/azamicale09.fr\/wp-content\/uploads\/2024\/08\/IMG_4979-1-768x512.jpg 768w, https:\/\/azamicale09.fr\/wp-content\/uploads\/2024\/08\/IMG_4979-1-450x300.jpg 450w\" sizes=\"auto, (max-width: 1024px) 100vw, 1024px\" \/><\/figure><div class=\"wp-block-media-text__content\">\n<p><strong>2020<\/strong><\/p>\n\n\n\n<p><a href=\"https:\/\/photos.app.goo.gl\/64ZfdbEN3m38hMK59\">https:\/\/photos.app.goo.gl\/64ZfdbEN3m38hMK59<\/a><\/p>\n<\/div><\/div>\n\n\n\n<div class=\"wp-block-media-text is-stacked-on-mobile\" style=\"grid-template-columns:30% auto\"><figure class=\"wp-block-media-text__media\"><img loading=\"lazy\" decoding=\"async\" width=\"768\" height=\"1024\" src=\"http:\/\/azamicale09.fr\/wp-content\/uploads\/2024\/08\/IMG_4887-1-768x1024.jpg\" alt=\"\" class=\"wp-image-591 size-full\" srcset=\"https:\/\/azamicale09.fr\/wp-content\/uploads\/2024\/08\/IMG_4887-1-768x1024.jpg 768w, https:\/\/azamicale09.fr\/wp-content\/uploads\/2024\/08\/IMG_4887-1-225x300.jpg 225w, https:\/\/azamicale09.fr\/wp-content\/uploads\/2024\/08\/IMG_4887-1-1152x1536.jpg 1152w, https:\/\/azamicale09.fr\/wp-content\/uploads\/2024\/08\/IMG_4887-1-1536x2048.jpg 1536w, https:\/\/azamicale09.fr\/wp-content\/uploads\/2024\/08\/IMG_4887-1-scaled.jpg 1920w\" sizes=\"auto, (max-width: 768px) 100vw, 768px\" \/><\/figure><div class=\"wp-block-media-text__content\">\n<p><strong>2019<\/strong><\/p>\n\n\n\n<p><a href=\"https:\/\/photos.app.goo.gl\/EcMcAKKqm8X358To6\">https:\/\/photos.app.goo.gl\/EcMcAKKqm8X358To6<\/a><\/p>\n<\/div><\/div>\n\n\n\n<div class=\"wp-block-media-text is-stacked-on-mobile\" style=\"grid-template-columns:30% auto\"><figure class=\"wp-block-media-text__media\"><img loading=\"lazy\" decoding=\"async\" width=\"1024\" height=\"683\" src=\"http:\/\/azamicale09.fr\/wp-content\/uploads\/2024\/08\/IMG_4986-1.jpg\" alt=\"\" class=\"wp-image-612 size-full\" srcset=\"https:\/\/azamicale09.fr\/wp-content\/uploads\/2024\/08\/IMG_4986-1.jpg 1024w, https:\/\/azamicale09.fr\/wp-content\/uploads\/2024\/08\/IMG_4986-1-300x200.jpg 300w, https:\/\/azamicale09.fr\/wp-content\/uploads\/2024\/08\/IMG_4986-1-768x512.jpg 768w, https:\/\/azamicale09.fr\/wp-content\/uploads\/2024\/08\/IMG_4986-1-450x300.jpg 450w\" sizes=\"auto, (max-width: 1024px) 100vw, 1024px\" \/><\/figure><div class=\"wp-block-media-text__content\">\n<p><strong>2018<\/strong><\/p>\n\n\n\n<p><a href=\"https:\/\/photos.app.goo.gl\/GhEdHwozFLjz214a9\">https:\/\/photos.app.goo.gl\/GhEdHwozFLjz214a9<\/a><\/p>\n<\/div><\/div>\n\n\n\n<div class=\"wp-block-media-text is-stacked-on-mobile\" style=\"grid-template-columns:30% auto\"><figure class=\"wp-block-media-text__media\"><img loading=\"lazy\" decoding=\"async\" width=\"1024\" height=\"683\" src=\"http:\/\/azamicale09.fr\/wp-content\/uploads\/2024\/08\/IMG_4987-1.jpg\" alt=\"\" class=\"wp-image-605 size-full\" srcset=\"https:\/\/azamicale09.fr\/wp-content\/uploads\/2024\/08\/IMG_4987-1.jpg 1024w, https:\/\/azamicale09.fr\/wp-content\/uploads\/2024\/08\/IMG_4987-1-300x200.jpg 300w, https:\/\/azamicale09.fr\/wp-content\/uploads\/2024\/08\/IMG_4987-1-768x512.jpg 768w, https:\/\/azamicale09.fr\/wp-content\/uploads\/2024\/08\/IMG_4987-1-450x300.jpg 450w\" sizes=\"auto, (max-width: 1024px) 100vw, 1024px\" \/><\/figure><div class=\"wp-block-media-text__content\">\n<p><strong>2017<\/strong><\/p>\n\n\n\n<p class=\"has-normal-font-size\"><a href=\"https:\/\/photos.app.goo.gl\/ESufQohb6CmzqHhG6\">https:\/\/photos.app.goo.gl\/GfEspx8vBiBsNLoQ9<\/a><\/p>\n<\/div><\/div>\n","protected":false},"excerpt":{"rendered":"<p>Bonjour \u00e0 toutes et tous, Vous trouverez dans cette page, les photos class\u00e9es par ann\u00e9es entre 2017 et 2023 inclus. A partir de 2024, vous les trouverez par sorties. D\u00e9sol\u00e9 &hellip;<\/p>\n","protected":false},"author":1,"featured_media":0,"parent":0,"menu_order":2,"comment_status":"closed","ping_status":"closed","template":"","meta":{"footnotes":""},"class_list":["post-24","page","type-page","status-publish","hentry"],"yoast_head":"<!-- This site is optimized with the Yoast SEO plugin v27.3 - https:\/\/yoast.com\/product\/yoast-seo-wordpress\/ -->\n<title>Photos des sorties - AZ Amicale Pamiers (09)<\/title>\n<meta name=\"robots\" content=\"index, follow, max-snippet:-1, max-image-preview:large, max-video-preview:-1\" \/>\n<link rel=\"canonical\" href=\"https:\/\/azamicale09.fr\/index.php\/photos-des-sorties\/\" \/>\n<meta property=\"og:locale\" content=\"fr_FR\" \/>\n<meta property=\"og:type\" content=\"article\" \/>\n<meta property=\"og:title\" content=\"Photos des sorties - AZ Amicale Pamiers (09)\" \/>\n<meta property=\"og:description\" content=\"Bonjour \u00e0 toutes et tous, Vous trouverez dans cette page, les photos class\u00e9es par ann\u00e9es entre 2017 et 2023 inclus. A partir de 2024, vous les trouverez par sorties. D\u00e9sol\u00e9 &hellip;\" \/>\n<meta property=\"og:url\" content=\"https:\/\/azamicale09.fr\/index.php\/photos-des-sorties\/\" \/>\n<meta property=\"og:site_name\" content=\"AZ Amicale Pamiers (09)\" \/>\n<meta property=\"article:modified_time\" content=\"2026-03-19T16:35:11+00:00\" \/>\n<meta property=\"og:image\" content=\"https:\/\/azamicale09.fr\/wp-content\/uploads\/2024\/08\/IMG_4742-1-scaled.jpg\" \/>\n\t<meta property=\"og:image:width\" content=\"1920\" \/>\n\t<meta property=\"og:image:height\" content=\"2560\" \/>\n\t<meta property=\"og:image:type\" content=\"image\/jpeg\" \/>\n<meta name=\"twitter:card\" content=\"summary_large_image\" \/>\n<meta name=\"twitter:label1\" content=\"Dur\u00e9e de lecture estim\u00e9e\" \/>\n\t<meta name=\"twitter:data1\" content=\"4 minutes\" \/>\n<script type=\"application\/ld+json\" class=\"yoast-schema-graph\">{\"@context\":\"https:\\\/\\\/schema.org\",\"@graph\":[{\"@type\":\"WebPage\",\"@id\":\"https:\\\/\\\/azamicale09.fr\\\/index.php\\\/photos-des-sorties\\\/\",\"url\":\"https:\\\/\\\/azamicale09.fr\\\/index.php\\\/photos-des-sorties\\\/\",\"name\":\"Photos des sorties - AZ Amicale Pamiers (09)\",\"isPartOf\":{\"@id\":\"https:\\\/\\\/azamicale09.fr\\\/#website\"},\"primaryImageOfPage\":{\"@id\":\"https:\\\/\\\/azamicale09.fr\\\/index.php\\\/photos-des-sorties\\\/#primaryimage\"},\"image\":{\"@id\":\"https:\\\/\\\/azamicale09.fr\\\/index.php\\\/photos-des-sorties\\\/#primaryimage\"},\"thumbnailUrl\":\"http:\\\/\\\/azamicale09.fr\\\/wp-content\\\/uploads\\\/2024\\\/08\\\/IMG_4742-1-scaled.jpg\",\"datePublished\":\"2024-08-12T19:33:09+00:00\",\"dateModified\":\"2026-03-19T16:35:11+00:00\",\"breadcrumb\":{\"@id\":\"https:\\\/\\\/azamicale09.fr\\\/index.php\\\/photos-des-sorties\\\/#breadcrumb\"},\"inLanguage\":\"fr-FR\",\"potentialAction\":[{\"@type\":\"ReadAction\",\"target\":[\"https:\\\/\\\/azamicale09.fr\\\/index.php\\\/photos-des-sorties\\\/\"]}]},{\"@type\":\"ImageObject\",\"inLanguage\":\"fr-FR\",\"@id\":\"https:\\\/\\\/azamicale09.fr\\\/index.php\\\/photos-des-sorties\\\/#primaryimage\",\"url\":\"https:\\\/\\\/azamicale09.fr\\\/wp-content\\\/uploads\\\/2024\\\/08\\\/IMG_4742-1-scaled.jpg\",\"contentUrl\":\"https:\\\/\\\/azamicale09.fr\\\/wp-content\\\/uploads\\\/2024\\\/08\\\/IMG_4742-1-scaled.jpg\",\"width\":1920,\"height\":2560},{\"@type\":\"BreadcrumbList\",\"@id\":\"https:\\\/\\\/azamicale09.fr\\\/index.php\\\/photos-des-sorties\\\/#breadcrumb\",\"itemListElement\":[{\"@type\":\"ListItem\",\"position\":1,\"name\":\"Accueil\",\"item\":\"https:\\\/\\\/azamicale09.fr\\\/\"},{\"@type\":\"ListItem\",\"position\":2,\"name\":\"Photos des sorties\"}]},{\"@type\":\"WebSite\",\"@id\":\"https:\\\/\\\/azamicale09.fr\\\/#website\",\"url\":\"https:\\\/\\\/azamicale09.fr\\\/\",\"name\":\"AZ Amicale Pamiers (09)\",\"description\":\"Rassemble des Passionn\u00e9s de v\u00e9hicules anciens\",\"publisher\":{\"@id\":\"https:\\\/\\\/azamicale09.fr\\\/#organization\"},\"potentialAction\":[{\"@type\":\"SearchAction\",\"target\":{\"@type\":\"EntryPoint\",\"urlTemplate\":\"https:\\\/\\\/azamicale09.fr\\\/?s={search_term_string}\"},\"query-input\":{\"@type\":\"PropertyValueSpecification\",\"valueRequired\":true,\"valueName\":\"search_term_string\"}}],\"inLanguage\":\"fr-FR\"},{\"@type\":\"Organization\",\"@id\":\"https:\\\/\\\/azamicale09.fr\\\/#organization\",\"name\":\"AZ Amicale Pamiers (09)\",\"url\":\"https:\\\/\\\/azamicale09.fr\\\/\",\"logo\":{\"@type\":\"ImageObject\",\"inLanguage\":\"fr-FR\",\"@id\":\"https:\\\/\\\/azamicale09.fr\\\/#\\\/schema\\\/logo\\\/image\\\/\",\"url\":\"https:\\\/\\\/azamicale09.fr\\\/wp-content\\\/uploads\\\/2024\\\/08\\\/cropped-Logo-AZA.png\",\"contentUrl\":\"https:\\\/\\\/azamicale09.fr\\\/wp-content\\\/uploads\\\/2024\\\/08\\\/cropped-Logo-AZA.png\",\"width\":310,\"height\":395,\"caption\":\"AZ Amicale Pamiers (09)\"},\"image\":{\"@id\":\"https:\\\/\\\/azamicale09.fr\\\/#\\\/schema\\\/logo\\\/image\\\/\"}}]}<\/script>\n<!-- \/ Yoast SEO plugin. -->","yoast_head_json":{"title":"Photos des sorties - AZ Amicale Pamiers (09)","robots":{"index":"index","follow":"follow","max-snippet":"max-snippet:-1","max-image-preview":"max-image-preview:large","max-video-preview":"max-video-preview:-1"},"canonical":"https:\/\/azamicale09.fr\/index.php\/photos-des-sorties\/","og_locale":"fr_FR","og_type":"article","og_title":"Photos des sorties - AZ Amicale Pamiers (09)","og_description":"Bonjour \u00e0 toutes et tous, Vous trouverez dans cette page, les photos class\u00e9es par ann\u00e9es entre 2017 et 2023 inclus. A partir de 2024, vous les trouverez par sorties. D\u00e9sol\u00e9 &hellip;","og_url":"https:\/\/azamicale09.fr\/index.php\/photos-des-sorties\/","og_site_name":"AZ Amicale Pamiers (09)","article_modified_time":"2026-03-19T16:35:11+00:00","og_image":[{"width":1920,"height":2560,"url":"https:\/\/azamicale09.fr\/wp-content\/uploads\/2024\/08\/IMG_4742-1-scaled.jpg","type":"image\/jpeg"}],"twitter_card":"summary_large_image","twitter_misc":{"Dur\u00e9e de lecture estim\u00e9e":"4 minutes"},"schema":{"@context":"https:\/\/schema.org","@graph":[{"@type":"WebPage","@id":"https:\/\/azamicale09.fr\/index.php\/photos-des-sorties\/","url":"https:\/\/azamicale09.fr\/index.php\/photos-des-sorties\/","name":"Photos des sorties - AZ Amicale Pamiers (09)","isPartOf":{"@id":"https:\/\/azamicale09.fr\/#website"},"primaryImageOfPage":{"@id":"https:\/\/azamicale09.fr\/index.php\/photos-des-sorties\/#primaryimage"},"image":{"@id":"https:\/\/azamicale09.fr\/index.php\/photos-des-sorties\/#primaryimage"},"thumbnailUrl":"http:\/\/azamicale09.fr\/wp-content\/uploads\/2024\/08\/IMG_4742-1-scaled.jpg","datePublished":"2024-08-12T19:33:09+00:00","dateModified":"2026-03-19T16:35:11+00:00","breadcrumb":{"@id":"https:\/\/azamicale09.fr\/index.php\/photos-des-sorties\/#breadcrumb"},"inLanguage":"fr-FR","potentialAction":[{"@type":"ReadAction","target":["https:\/\/azamicale09.fr\/index.php\/photos-des-sorties\/"]}]},{"@type":"ImageObject","inLanguage":"fr-FR","@id":"https:\/\/azamicale09.fr\/index.php\/photos-des-sorties\/#primaryimage","url":"https:\/\/azamicale09.fr\/wp-content\/uploads\/2024\/08\/IMG_4742-1-scaled.jpg","contentUrl":"https:\/\/azamicale09.fr\/wp-content\/uploads\/2024\/08\/IMG_4742-1-scaled.jpg","width":1920,"height":2560},{"@type":"BreadcrumbList","@id":"https:\/\/azamicale09.fr\/index.php\/photos-des-sorties\/#breadcrumb","itemListElement":[{"@type":"ListItem","position":1,"name":"Accueil","item":"https:\/\/azamicale09.fr\/"},{"@type":"ListItem","position":2,"name":"Photos des sorties"}]},{"@type":"WebSite","@id":"https:\/\/azamicale09.fr\/#website","url":"https:\/\/azamicale09.fr\/","name":"AZ Amicale Pamiers (09)","description":"Rassemble des Passionn\u00e9s de v\u00e9hicules anciens","publisher":{"@id":"https:\/\/azamicale09.fr\/#organization"},"potentialAction":[{"@type":"SearchAction","target":{"@type":"EntryPoint","urlTemplate":"https:\/\/azamicale09.fr\/?s={search_term_string}"},"query-input":{"@type":"PropertyValueSpecification","valueRequired":true,"valueName":"search_term_string"}}],"inLanguage":"fr-FR"},{"@type":"Organization","@id":"https:\/\/azamicale09.fr\/#organization","name":"AZ Amicale Pamiers (09)","url":"https:\/\/azamicale09.fr\/","logo":{"@type":"ImageObject","inLanguage":"fr-FR","@id":"https:\/\/azamicale09.fr\/#\/schema\/logo\/image\/","url":"https:\/\/azamicale09.fr\/wp-content\/uploads\/2024\/08\/cropped-Logo-AZA.png","contentUrl":"https:\/\/azamicale09.fr\/wp-content\/uploads\/2024\/08\/cropped-Logo-AZA.png","width":310,"height":395,"caption":"AZ Amicale Pamiers (09)"},"image":{"@id":"https:\/\/azamicale09.fr\/#\/schema\/logo\/image\/"}}]}},"_links":{"self":[{"href":"https:\/\/azamicale09.fr\/index.php\/wp-json\/wp\/v2\/pages\/24","targetHints":{"allow":["GET"]}}],"collection":[{"href":"https:\/\/azamicale09.fr\/index.php\/wp-json\/wp\/v2\/pages"}],"about":[{"href":"https:\/\/azamicale09.fr\/index.php\/wp-json\/wp\/v2\/types\/page"}],"author":[{"embeddable":true,"href":"https:\/\/azamicale09.fr\/index.php\/wp-json\/wp\/v2\/users\/1"}],"replies":[{"embeddable":true,"href":"https:\/\/azamicale09.fr\/index.php\/wp-json\/wp\/v2\/comments?post=24"}],"version-history":[{"count":90,"href":"https:\/\/azamicale09.fr\/index.php\/wp-json\/wp\/v2\/pages\/24\/revisions"}],"predecessor-version":[{"id":1122,"href":"https:\/\/azamicale09.fr\/index.php\/wp-json\/wp\/v2\/pages\/24\/revisions\/1122"}],"wp:attachment":[{"href":"https:\/\/azamicale09.fr\/index.php\/wp-json\/wp\/v2\/media?parent=24"}],"curies":[{"name":"wp","href":"https:\/\/api.w.org\/{rel}","templated":true}]}}